{"id":154,"date":"2025-08-05T05:05:25","date_gmt":"2025-08-05T05:05:25","guid":{"rendered":"https:\/\/lespal.fr\/?page_id=154"},"modified":"2025-08-11T09:36:16","modified_gmt":"2025-08-11T09:36:16","slug":"accueil","status":"publish","type":"page","link":"https:\/\/lespal.fr\/","title":{"rendered":"Accueil"},"content":{"rendered":"\t\t<div data-elementor-type=\"wp-page\" data-elementor-id=\"154\" class=\"elementor elementor-154\">\n\t\t\t\t<div class=\"elementor-element elementor-element-f97a057 e-flex e-con-boxed e-con e-parent\" data-id=\"f97a057\" data-element_type=\"container\" data-e-type=\"container\">\n\t\t\t\t\t<div class=\"e-con-inner\">\n\t\t\t\t<div class=\"elementor-element elementor-element-2e69499 elementor-widget elementor-widget-text-editor\" data-id=\"2e69499\" data-element_type=\"widget\" data-e-type=\"widget\" data-widget_type=\"text-editor.default\">\n\t\t\t\t\t\t\t\t\t<blockquote><p>Chers H\u00f4tes, <br \/>Chers Amis,<\/p><p data-start=\"63\" data-end=\"121\">Le DOMAINE DE L&rsquo;ESPAL ferme ses portes&#8230;<\/p><p data-start=\"123\" data-end=\"286\">Un immense merci pour ces ann\u00e9es partag\u00e9es, riches en souvenirs, en rires, en instants pr\u00e9cieux.<\/p><p data-start=\"440\" data-end=\"561\">En attendant de nous revoir, nous vous souhaitons des moments inoubliables emplis de joie&#8230;<\/p><p>\u00c0 tr\u00e8s bient\u00f4t,<\/p><p>Fr\u00e9d\u00e9ric<\/p><\/blockquote>\t\t\t\t\t\t\t\t<\/div>\n\t\t\t\t\t<\/div>\n\t\t\t\t<\/div>\n\t\t<div class=\"elementor-element elementor-element-f8b6552 e-flex e-con-boxed e-con e-parent\" data-id=\"f8b6552\" data-element_type=\"container\" data-e-type=\"container\">\n\t\t\t\t\t<div class=\"e-con-inner\">\n\t\t\t\t<div class=\"elementor-element elementor-element-b5fc5c8 elementor-widget elementor-widget-flex-hero\" data-id=\"b5fc5c8\" data-element_type=\"widget\" data-e-type=\"widget\" data-settings=\"{&quot;layout_preset&quot;:&quot;showcase&quot;,&quot;layout_column_structure&quot;:&quot;50-50&quot;,&quot;layout_image_position&quot;:&quot;end&quot;,&quot;primary_button_shape&quot;:&quot;default&quot;,&quot;image_shape&quot;:&quot;sharp&quot;,&quot;box_shape&quot;:&quot;sharp&quot;}\" data-widget_type=\"flex-hero.default\">\n\t\t\t\t<div class=\"elementor-widget-container\">\n\t\t\t\t\t\t\t<div class=\"has-shape-sharp shape-type-box has-column-structure-50-50  ehp-flex-hero has-layout-preset-showcase has-image-position-end\">\n\t\t\t\t\t\t<div class=\"ehp-flex-hero__overlay\"><\/div>\n\t\t\t<div class=\"ehp-flex-hero__content-container\">\n\t\t\t\t<p class=\"ehp-flex-hero__intro\">D\u00e9butez votre voyage...<\/p><h2 class=\"ehp-flex-hero__heading\">Le Domaine de l\u2019Espal,<br>Une Maison de Famille <br>\u00e0 la crois\u00e9e des routes <br>de la Nouvelle Aquitaine<\/h2><p class=\"ehp-flex-hero__subheading\">Le confort et la modernit\u00e9 d'une propri\u00e9t\u00e9 de familiale s\u00e9curis\u00e9e, sans vis \u00e0 vis, dans un parc arbor\u00e9 de 5.000 m\u00b2, au calme et au coeur du village. \n<br><br><\/p>\t\t\t<div class=\"ehp-flex-hero__ctas-container\">\n\t\t\t\t\t\t\t\t\t\t\t<\/div>\n\t\t\t\t\t<\/div>\n\t\t\t\t<div class=\"ehp-flex-hero__image-wrapper\">\n\t\t\t\t\t<div class=\"ehp-image ehp-flex-hero__image-container\">\n\t\t\t\t<img decoding=\"async\" class=\"ehp-image__img ehp-flex-hero__img has-shape-sharp shape-type-image\" src=\"https:\/\/lespal.fr\/wp-content\/uploads\/2025\/08\/DSC8359-scaled.jpg\" title=\"_DSC8359\" alt=\"_DSC8359\" loading=\"lazy\" \/>\t\t\t<\/div>\n\t\t\t\t\t<\/div>\n\t\t\t\t<\/div>\n\t\t\t\t\t\t<\/div>\n\t\t\t\t<\/div>\n\t\t\t\t<div class=\"elementor-element elementor-element-ae59b51 elementor-widget elementor-widget-flex-hero\" data-id=\"ae59b51\" data-element_type=\"widget\" data-e-type=\"widget\" data-settings=\"{&quot;layout_image_position&quot;:&quot;start&quot;,&quot;layout_preset&quot;:&quot;showcase&quot;,&quot;layout_column_structure&quot;:&quot;50-50&quot;,&quot;primary_button_shape&quot;:&quot;default&quot;,&quot;image_shape&quot;:&quot;sharp&quot;,&quot;box_shape&quot;:&quot;sharp&quot;}\" data-widget_type=\"flex-hero.default\">\n\t\t\t\t<div class=\"elementor-widget-container\">\n\t\t\t\t\t\t\t<div class=\"has-shape-sharp shape-type-box has-column-structure-50-50  ehp-flex-hero has-layout-preset-showcase has-image-position-start\">\n\t\t\t\t\t\t<div class=\"ehp-flex-hero__overlay\"><\/div>\n\t\t\t<div class=\"ehp-flex-hero__content-container\">\n\t\t\t\t<p class=\"ehp-flex-hero__intro\">Les attraits de la r\u00e9gion<\/p><h2 class=\"ehp-flex-hero__heading\">Id\u00e9alement situ\u00e9e<br>Entre Nantes et Bordeaux, <br>La Charente-Maritime a des airs de destination parfaite.<\/h2><p class=\"ehp-flex-hero__subheading\">Places des stations baln\u00e9aires dynamiques, Royan, Ronce-les-Bains, Ol\u00e9ron\u2026  <br><br> D\u00e9couvrez le plaisir des longues plages de sable propices au farniente et sports nautiques, des falaises escarp\u00e9es, et les \u00eeles de la Charente Maritime : Ol\u00e9ron, Aix et R\u00e9 \u2013 \u00e0 moins d\u2019une heure du Domaine de l'Espal.<\/p>\t\t\t<div class=\"ehp-flex-hero__ctas-container\">\n\t\t\t\t\t\t\t\t\t\t\t<\/div>\n\t\t\t\t\t<\/div>\n\t\t\t\t<div class=\"ehp-flex-hero__image-wrapper\">\n\t\t\t\t\t<div class=\"ehp-image ehp-flex-hero__image-container\">\n\t\t\t\t<img decoding=\"async\" class=\"ehp-image__img ehp-flex-hero__img has-shape-sharp shape-type-image\" src=\"https:\/\/lespal.fr\/wp-content\/uploads\/2025\/08\/IMG20220609101650-scaled.jpg\" title=\"oplus_32\" alt=\"oplus_32\" loading=\"lazy\" \/>\t\t\t<\/div>\n\t\t\t\t\t<\/div>\n\t\t\t\t<\/div>\n\t\t\t\t\t\t<\/div>\n\t\t\t\t<\/div>\n\t\t\t\t<div class=\"elementor-element elementor-element-16a064c elementor-widget elementor-widget-flex-hero\" data-id=\"16a064c\" data-element_type=\"widget\" data-e-type=\"widget\" data-settings=\"{&quot;layout_preset&quot;:&quot;showcase&quot;,&quot;layout_column_structure&quot;:&quot;50-50&quot;,&quot;layout_image_position&quot;:&quot;end&quot;,&quot;primary_button_shape&quot;:&quot;default&quot;,&quot;image_shape&quot;:&quot;sharp&quot;,&quot;box_shape&quot;:&quot;sharp&quot;}\" data-widget_type=\"flex-hero.default\">\n\t\t\t\t<div class=\"elementor-widget-container\">\n\t\t\t\t\t\t\t<div class=\"has-shape-sharp shape-type-box has-column-structure-50-50  ehp-flex-hero has-layout-preset-showcase has-image-position-end\">\n\t\t\t\t\t\t<div class=\"ehp-flex-hero__overlay\"><\/div>\n\t\t\t<div class=\"ehp-flex-hero__content-container\">\n\t\t\t\t<p class=\"ehp-flex-hero__intro\">Pr\u00e9parez-vous \u00e0 explorer les tr\u00e9sors incroyables !<\/p><h2 class=\"ehp-flex-hero__heading\">La Charente-Maritime, <br>Un joyau...<br>Entre Nantes et Bordeaux<\/h2><p class=\"ehp-flex-hero__subheading\">Un patrimoine historique tr\u00e8s riche : La Rochelle \u2013 ses rues pi\u00e9tonnes, ses tours, la Corderie Royale et L\u2019Hermione \u00e0 Rochefort. <br><br>Explorez les bassins ostr\u00e9icoles de la cit\u00e9 de l\u2019Huitre \u00e0 Marennes... <br><br> La Charente Maritime, c\u2019est aussi une campagne riche de village parmi les plus beaux de France o\u00f9 se m\u00ealent \u00c9glises romanes et rangs de vigne \u00e0 perte de vue : Saintes, Talmont-sur-Gironde.  <br><br>Une r\u00e9gion propice aux innombrables caves o\u00f9 d\u00e9guster Cognac et Pineau des Charentes, loin de l\u2019agitation du bord de mer.<\/p>\t\t\t<div class=\"ehp-flex-hero__ctas-container\">\n\t\t\t\t\t\t\t\t\t\t\t<\/div>\n\t\t\t\t\t<\/div>\n\t\t\t\t<div class=\"ehp-flex-hero__image-wrapper\">\n\t\t\t\t\t<div class=\"ehp-image ehp-flex-hero__image-container\">\n\t\t\t\t<img decoding=\"async\" class=\"ehp-image__img ehp-flex-hero__img has-shape-sharp shape-type-image\" src=\"https:\/\/lespal.fr\/wp-content\/uploads\/2025\/08\/IMG20220714170140-scaled.jpg\" title=\"oplus_0\" alt=\"oplus_0\" loading=\"lazy\" \/>\t\t\t<\/div>\n\t\t\t\t\t<\/div>\n\t\t\t\t<\/div>\n\t\t\t\t\t\t<\/div>\n\t\t\t\t<\/div>\n\t\t\t\t\t<\/div>\n\t\t\t\t<\/div>\n\t\t\t\t<\/div>\n\t\t","protected":false},"excerpt":{"rendered":"<p>Chers H\u00f4tes, Chers Amis, Le DOMAINE DE L&rsquo;ESPAL ferme ses portes&#8230; Un immense merci pour ces ann\u00e9es partag\u00e9es, riches en souvenirs, en rires, en instants pr\u00e9cieux. En attendant de nous revoir, nous vous souhaitons des moments inoubliables emplis de joie&#8230; \u00c0 tr\u00e8s bient\u00f4t, Fr\u00e9d\u00e9ric D\u00e9butez votre voyage&#8230; Le Domaine de l\u2019Espal,Une Maison de Famille \u00e0 la crois\u00e9e des routes de la Nouvelle Aquitaine Le confort et la modernit\u00e9 d&rsquo;une propri\u00e9t\u00e9 de familiale s\u00e9curis\u00e9e, sans vis \u00e0 vis, dans un parc arbor\u00e9 de 5.000 m\u00b2, au calme et au coeur du village. Les attraits de la r\u00e9gion Id\u00e9alement situ\u00e9eEntre Nantes et Bordeaux, La Charente-Maritime a des airs de destination parfaite. Places des stations baln\u00e9aires dynamiques, Royan, Ronce-les-Bains, Ol\u00e9ron\u2026 D\u00e9couvrez le plaisir des longues plages de sable propices au farniente et sports nautiques, des falaises escarp\u00e9es, et les \u00eeles de la Charente Maritime : Ol\u00e9ron, Aix et R\u00e9 \u2013 \u00e0 moins d\u2019une heure du Domaine de l&rsquo;Espal. Pr\u00e9parez-vous \u00e0 explorer les tr\u00e9sors incroyables ! La Charente-Maritime, Un joyau&#8230;Entre Nantes et Bordeaux Un patrimoine historique tr\u00e8s riche : La Rochelle \u2013 ses rues pi\u00e9tonnes, ses tours, la Corderie Royale et L\u2019Hermione \u00e0 Rochefort. Explorez les bassins ostr\u00e9icoles de la cit\u00e9 de l\u2019Huitre \u00e0 Marennes&#8230; La Charente Maritime, c\u2019est aussi une campagne riche de village parmi les plus beaux de France o\u00f9 se m\u00ealent \u00c9glises romanes et rangs de vigne \u00e0 perte de vue : Saintes, Talmont-sur-Gironde. Une r\u00e9gion propice aux innombrables caves o\u00f9 d\u00e9guster Cognac et Pineau des Charentes, loin de l\u2019agitation du bord de mer.<\/p>\n","protected":false},"author":1,"featured_media":0,"parent":0,"menu_order":0,"comment_status":"closed","ping_status":"closed","template":"elementor_header_footer","meta":{"footnotes":""},"class_list":["post-154","page","type-page","status-publish","hentry"],"yoast_head":"<!-- This site is optimized with the Yoast SEO plugin v27.3 - https:\/\/yoast.com\/product\/yoast-seo-wordpress\/ -->\n<title>Accueil -<\/title>\n<meta name=\"robots\" content=\"index, follow, max-snippet:-1, max-image-preview:large, max-video-preview:-1\" \/>\n<link rel=\"canonical\" href=\"https:\/\/lespal.fr\/\" \/>\n<meta property=\"og:locale\" content=\"fr_FR\" \/>\n<meta property=\"og:type\" content=\"article\" \/>\n<meta property=\"og:title\" content=\"Accueil -\" \/>\n<meta property=\"og:description\" content=\"Chers H\u00f4tes, Chers Amis, Le DOMAINE DE L&rsquo;ESPAL ferme ses portes&#8230; Un immense merci pour ces ann\u00e9es partag\u00e9es, riches en souvenirs, en rires, en instants pr\u00e9cieux. En attendant de nous revoir, nous vous souhaitons des moments inoubliables emplis de joie&#8230; \u00c0 tr\u00e8s bient\u00f4t, Fr\u00e9d\u00e9ric D\u00e9butez votre voyage&#8230; Le Domaine de l\u2019Espal,Une Maison de Famille \u00e0 la crois\u00e9e des routes de la Nouvelle Aquitaine Le confort et la modernit\u00e9 d&rsquo;une propri\u00e9t\u00e9 de familiale s\u00e9curis\u00e9e, sans vis \u00e0 vis, dans un parc arbor\u00e9 de 5.000 m\u00b2, au calme et au coeur du village. Les attraits de la r\u00e9gion Id\u00e9alement situ\u00e9eEntre Nantes et Bordeaux, La Charente-Maritime a des airs de destination parfaite. Places des stations baln\u00e9aires dynamiques, Royan, Ronce-les-Bains, Ol\u00e9ron\u2026 D\u00e9couvrez le plaisir des longues plages de sable propices au farniente et sports nautiques, des falaises escarp\u00e9es, et les \u00eeles de la Charente Maritime : Ol\u00e9ron, Aix et R\u00e9 \u2013 \u00e0 moins d\u2019une heure du Domaine de l&rsquo;Espal. Pr\u00e9parez-vous \u00e0 explorer les tr\u00e9sors incroyables ! La Charente-Maritime, Un joyau&#8230;Entre Nantes et Bordeaux Un patrimoine historique tr\u00e8s riche : La Rochelle \u2013 ses rues pi\u00e9tonnes, ses tours, la Corderie Royale et L\u2019Hermione \u00e0 Rochefort. Explorez les bassins ostr\u00e9icoles de la cit\u00e9 de l\u2019Huitre \u00e0 Marennes&#8230; La Charente Maritime, c\u2019est aussi une campagne riche de village parmi les plus beaux de France o\u00f9 se m\u00ealent \u00c9glises romanes et rangs de vigne \u00e0 perte de vue : Saintes, Talmont-sur-Gironde. Une r\u00e9gion propice aux innombrables caves o\u00f9 d\u00e9guster Cognac et Pineau des Charentes, loin de l\u2019agitation du bord de mer.\" \/>\n<meta property=\"og:url\" content=\"https:\/\/lespal.fr\/\" \/>\n<meta property=\"article:modified_time\" content=\"2025-08-11T09:36:16+00:00\" \/>\n<meta property=\"og:image\" content=\"https:\/\/lespal.fr\/wp-content\/uploads\/2025\/08\/DSC8359-scaled.jpg\" \/>\n<meta name=\"twitter:card\" content=\"summary_large_image\" \/>\n<meta name=\"twitter:label1\" content=\"Dur\u00e9e de lecture estim\u00e9e\" \/>\n\t<meta name=\"twitter:data1\" content=\"2 minutes\" \/>\n<script type=\"application\/ld+json\" class=\"yoast-schema-graph\">{\"@context\":\"https:\\\/\\\/schema.org\",\"@graph\":[{\"@type\":\"WebPage\",\"@id\":\"https:\\\/\\\/lespal.fr\\\/\",\"url\":\"https:\\\/\\\/lespal.fr\\\/\",\"name\":\"Accueil -\",\"isPartOf\":{\"@id\":\"https:\\\/\\\/lespal.fr\\\/#website\"},\"primaryImageOfPage\":{\"@id\":\"https:\\\/\\\/lespal.fr\\\/#primaryimage\"},\"image\":{\"@id\":\"https:\\\/\\\/lespal.fr\\\/#primaryimage\"},\"thumbnailUrl\":\"https:\\\/\\\/lespal.fr\\\/wp-content\\\/uploads\\\/2025\\\/08\\\/DSC8359-scaled.jpg\",\"datePublished\":\"2025-08-05T05:05:25+00:00\",\"dateModified\":\"2025-08-11T09:36:16+00:00\",\"breadcrumb\":{\"@id\":\"https:\\\/\\\/lespal.fr\\\/#breadcrumb\"},\"inLanguage\":\"fr-FR\",\"potentialAction\":[{\"@type\":\"ReadAction\",\"target\":[\"https:\\\/\\\/lespal.fr\\\/\"]}]},{\"@type\":\"ImageObject\",\"inLanguage\":\"fr-FR\",\"@id\":\"https:\\\/\\\/lespal.fr\\\/#primaryimage\",\"url\":\"https:\\\/\\\/lespal.fr\\\/wp-content\\\/uploads\\\/2025\\\/08\\\/DSC8359-scaled.jpg\",\"contentUrl\":\"https:\\\/\\\/lespal.fr\\\/wp-content\\\/uploads\\\/2025\\\/08\\\/DSC8359-scaled.jpg\",\"width\":1707,\"height\":2560},{\"@type\":\"BreadcrumbList\",\"@id\":\"https:\\\/\\\/lespal.fr\\\/#breadcrumb\",\"itemListElement\":[{\"@type\":\"ListItem\",\"position\":1,\"name\":\"Accueil\",\"item\":\"https:\\\/\\\/lespal.fr\\\/\"},{\"@type\":\"ListItem\",\"position\":2,\"name\":\"Accueil\"}]},{\"@type\":\"WebSite\",\"@id\":\"https:\\\/\\\/lespal.fr\\\/#website\",\"url\":\"https:\\\/\\\/lespal.fr\\\/\",\"name\":\"\",\"description\":\"\",\"potentialAction\":[{\"@type\":\"SearchAction\",\"target\":{\"@type\":\"EntryPoint\",\"urlTemplate\":\"https:\\\/\\\/lespal.fr\\\/?s={search_term_string}\"},\"query-input\":{\"@type\":\"PropertyValueSpecification\",\"valueRequired\":true,\"valueName\":\"search_term_string\"}}],\"inLanguage\":\"fr-FR\"}]}<\/script>\n<!-- \/ Yoast SEO plugin. -->","yoast_head_json":{"title":"Accueil -","robots":{"index":"index","follow":"follow","max-snippet":"max-snippet:-1","max-image-preview":"max-image-preview:large","max-video-preview":"max-video-preview:-1"},"canonical":"https:\/\/lespal.fr\/","og_locale":"fr_FR","og_type":"article","og_title":"Accueil -","og_description":"Chers H\u00f4tes, Chers Amis, Le DOMAINE DE L&rsquo;ESPAL ferme ses portes&#8230; Un immense merci pour ces ann\u00e9es partag\u00e9es, riches en souvenirs, en rires, en instants pr\u00e9cieux. En attendant de nous revoir, nous vous souhaitons des moments inoubliables emplis de joie&#8230; \u00c0 tr\u00e8s bient\u00f4t, Fr\u00e9d\u00e9ric D\u00e9butez votre voyage&#8230; Le Domaine de l\u2019Espal,Une Maison de Famille \u00e0 la crois\u00e9e des routes de la Nouvelle Aquitaine Le confort et la modernit\u00e9 d&rsquo;une propri\u00e9t\u00e9 de familiale s\u00e9curis\u00e9e, sans vis \u00e0 vis, dans un parc arbor\u00e9 de 5.000 m\u00b2, au calme et au coeur du village. Les attraits de la r\u00e9gion Id\u00e9alement situ\u00e9eEntre Nantes et Bordeaux, La Charente-Maritime a des airs de destination parfaite. Places des stations baln\u00e9aires dynamiques, Royan, Ronce-les-Bains, Ol\u00e9ron\u2026 D\u00e9couvrez le plaisir des longues plages de sable propices au farniente et sports nautiques, des falaises escarp\u00e9es, et les \u00eeles de la Charente Maritime : Ol\u00e9ron, Aix et R\u00e9 \u2013 \u00e0 moins d\u2019une heure du Domaine de l&rsquo;Espal. Pr\u00e9parez-vous \u00e0 explorer les tr\u00e9sors incroyables ! La Charente-Maritime, Un joyau&#8230;Entre Nantes et Bordeaux Un patrimoine historique tr\u00e8s riche : La Rochelle \u2013 ses rues pi\u00e9tonnes, ses tours, la Corderie Royale et L\u2019Hermione \u00e0 Rochefort. Explorez les bassins ostr\u00e9icoles de la cit\u00e9 de l\u2019Huitre \u00e0 Marennes&#8230; La Charente Maritime, c\u2019est aussi une campagne riche de village parmi les plus beaux de France o\u00f9 se m\u00ealent \u00c9glises romanes et rangs de vigne \u00e0 perte de vue : Saintes, Talmont-sur-Gironde. Une r\u00e9gion propice aux innombrables caves o\u00f9 d\u00e9guster Cognac et Pineau des Charentes, loin de l\u2019agitation du bord de mer.","og_url":"https:\/\/lespal.fr\/","article_modified_time":"2025-08-11T09:36:16+00:00","og_image":[{"url":"https:\/\/lespal.fr\/wp-content\/uploads\/2025\/08\/DSC8359-scaled.jpg","type":"","width":"","height":""}],"twitter_card":"summary_large_image","twitter_misc":{"Dur\u00e9e de lecture estim\u00e9e":"2 minutes"},"schema":{"@context":"https:\/\/schema.org","@graph":[{"@type":"WebPage","@id":"https:\/\/lespal.fr\/","url":"https:\/\/lespal.fr\/","name":"Accueil -","isPartOf":{"@id":"https:\/\/lespal.fr\/#website"},"primaryImageOfPage":{"@id":"https:\/\/lespal.fr\/#primaryimage"},"image":{"@id":"https:\/\/lespal.fr\/#primaryimage"},"thumbnailUrl":"https:\/\/lespal.fr\/wp-content\/uploads\/2025\/08\/DSC8359-scaled.jpg","datePublished":"2025-08-05T05:05:25+00:00","dateModified":"2025-08-11T09:36:16+00:00","breadcrumb":{"@id":"https:\/\/lespal.fr\/#breadcrumb"},"inLanguage":"fr-FR","potentialAction":[{"@type":"ReadAction","target":["https:\/\/lespal.fr\/"]}]},{"@type":"ImageObject","inLanguage":"fr-FR","@id":"https:\/\/lespal.fr\/#primaryimage","url":"https:\/\/lespal.fr\/wp-content\/uploads\/2025\/08\/DSC8359-scaled.jpg","contentUrl":"https:\/\/lespal.fr\/wp-content\/uploads\/2025\/08\/DSC8359-scaled.jpg","width":1707,"height":2560},{"@type":"BreadcrumbList","@id":"https:\/\/lespal.fr\/#breadcrumb","itemListElement":[{"@type":"ListItem","position":1,"name":"Accueil","item":"https:\/\/lespal.fr\/"},{"@type":"ListItem","position":2,"name":"Accueil"}]},{"@type":"WebSite","@id":"https:\/\/lespal.fr\/#website","url":"https:\/\/lespal.fr\/","name":"","description":"","potentialAction":[{"@type":"SearchAction","target":{"@type":"EntryPoint","urlTemplate":"https:\/\/lespal.fr\/?s={search_term_string}"},"query-input":{"@type":"PropertyValueSpecification","valueRequired":true,"valueName":"search_term_string"}}],"inLanguage":"fr-FR"}]}},"_links":{"self":[{"href":"https:\/\/lespal.fr\/index.php\/wp-json\/wp\/v2\/pages\/154","targetHints":{"allow":["GET"]}}],"collection":[{"href":"https:\/\/lespal.fr\/index.php\/wp-json\/wp\/v2\/pages"}],"about":[{"href":"https:\/\/lespal.fr\/index.php\/wp-json\/wp\/v2\/types\/page"}],"author":[{"embeddable":true,"href":"https:\/\/lespal.fr\/index.php\/wp-json\/wp\/v2\/users\/1"}],"replies":[{"embeddable":true,"href":"https:\/\/lespal.fr\/index.php\/wp-json\/wp\/v2\/comments?post=154"}],"version-history":[{"count":28,"href":"https:\/\/lespal.fr\/index.php\/wp-json\/wp\/v2\/pages\/154\/revisions"}],"predecessor-version":[{"id":305,"href":"https:\/\/lespal.fr\/index.php\/wp-json\/wp\/v2\/pages\/154\/revisions\/305"}],"wp:attachment":[{"href":"https:\/\/lespal.fr\/index.php\/wp-json\/wp\/v2\/media?parent=154"}],"curies":[{"name":"wp","href":"https:\/\/api.w.org\/{rel}","templated":true}]}}